945 a multiple of 25?
False
Is 119 a factor of 24514?
True
Does 6 divide 1043?
False
Does 33 divide 1617?
True
Is 35189 a multiple of 40?
False
Is 50 a factor of 1862?
False
Is 10044 a multiple of 54?
True
Does 179 divide 254?
False
Is 7463 a multiple of 17?
True
Is 34 a factor of 1269?
False
Is 28 a factor of 1495?
False
Is 22880 a multiple of 55?
True
Does 21 divide 210?
True
Is 59 a factor of 9089?
False
Is 25 a factor of 5050?
True
Is 52 a factor of 23920?
True
Is 473 a multiple of 12?
False
Is 2319 a multiple of 33?
False
Is 348 a multiple of 29?
True
Is 12 a factor of 320?
False
Is 35325 a multiple of 45?
True
Is 33364 a multiple of 51?
False
Is 17 a factor of 1621?
False
Is 52 a factor of 12278?
False
Does 8 divide 2062?
False
Does 9 divide 1541?
False
Is 59 a factor of 5637?
False
Does 10 divide 1885?
False
Does 10 divide 15990?
True
Does 21 divide 10963?
False
Is 2072 a multiple of 35?
False
Is 6816 a multiple of 24?
True
Is 1177 a multiple of 5?
False
Is 3150 a multiple of 126?
True
Does 4 divide 6197?
False
Is 1696 a multiple of 32?
True
Is 54030 a multiple of 15?
True
Is 13 a factor of 2453?
False
Does 170 divide 6048?
False
Does 151 divide 4379?
True
Is 8 a factor of 181?
False
Does 58 divide 7308?
True
Is 49692 a multiple of 246?
True
Does 44 divide 2608?
False
Is 1031 a multiple of 12?
False
Is 46 a multiple of 23?
True
Is 43613 a multiple of 8?
False
Does 15 divide 9795?
True
Is 481 a multiple of 37?
True
Is 6240 a multiple of 12?
True
Is 1314 a multiple of 73?
True
Is 55 a factor of 6930?
True
Is 1585 a multiple of 5?
True
Is 10 a factor of 1087?
False
Does 173 divide 1730?
True
Is 258 a factor of 29154?
True
Is 6 a factor of 53?
False
Does 31 divide 624?
False
Is 110 a factor of 22330?
True
Is 11633 a multiple of 67?
False
Does 99 divide 10934?
False
Is 1875 a multiple of 16?
False
Is 1242 a multiple of 23?
True
Does 113 divide 2825?
True
Is 194 a factor of 32835?
False
Is 13 a factor of 15925?
True
Is 10 a factor of 3397?
False
Does 106 divide 52682?
True
Is 2512 a multiple of 39?
False
Does 4 divide 78?
False
Is 184380 a multiple of 14?
True
Is 2 a factor of 4127?
False
Does 44 divide 13728?
True
Does 20 divide 214?
False
Is 1172 a multiple of 38?
False
Does 34 divide 961?
False
Is 91238 a multiple of 266?
True
Is 6 a factor of 118?
False
Is 26 a factor of 803?
False
Does 17 divide 5361?
False
Does 24 divide 15237?
False
Is 7 a factor of 2950?
False
Does 10 divide 3268?
False
Does 30 divide 61650?
True
Is 9 a factor of 124890?
False
Is 500 a multiple of 20?
True
Does 162 divide 11988?
True
Does 27 divide 675?
True
Does 17 divide 1346?
False
Is 1703 a multiple of 13?
True
Is 4 a factor of 1620?
True
Does 7 divide 189?
True
Does 14 divide 7714?
True
Is 70 a factor of 9638?
False
Is 3461 a multiple of 14?
False
Is 3 a factor of 435?
True
Is 50 a factor of 5250?
True
Does 48 divide 5488?
False
Does 39 divide 10468?
False
Is 64 a factor of 31040?
True
Is 23595 a multiple of 143?
True
Is 110 a factor of 4746?
False
Does 17 divide 1654?
False
Does 3 divide 291?
True
Does 47 divide 90334?
True
Is 14 a factor of 417?
False
Does 60 divide 1020?
True
Does 13 divide 2513?
False
Is 1152 a multiple of 64?
True
Is 66 a factor of 1564?
False
Is 87948 a multiple of 14?
True
Does 100 divide 8632?
False
Does 6 divide 145?
False
Is 5 a factor of 14?
False
Is 3095 a multiple of 24?
False
Is 1200 a multiple of 6?
True
Does 128 divide 96896?
True
Is 3 a factor of 3516?
True
Is 59 a factor of 15409?
False
Does 18 divide 244?
False
Does 39 divide 1989?
True
Does 14 divide 9394?
True
Does 8 divide 1134?
False
Does 273 divide 70058?
False
Is 144 a factor of 66384?
True
Is 9 a factor of 9049?
False
Is 61 a factor of 686?
False
Is 338 a multiple of 26?
True
Is 55965 a multiple of 273?
True
Is 1088 a multiple of 17?
True
Does 13 divide 8848?
False
Does 9 divide 4977?
True
Does 27 divide 26725?
False
Is 123 a multiple of 21?
False
Is 32640 a multiple of 16?
True
Is 1427 a multiple of 7?
False
Is 30 a multiple of 4?
False
Is 12011 a multiple of 11?
False
Is 10315 a multiple of 5?
True
Is 622 a multiple of 22?
False
Is 6 a factor of 96?
True
Does 38 divide 9481?
False
Is 2 a factor of 755?
False
Is 58500 a multiple of 50?
True
Is 30 a factor of 417?
False
Does 6 divide 31217?
False
Does 3 divide 2000?
False
Does 23 divide 4978?
False
Is 15 a factor of 2009?
False
Is 3 a factor of 67?
False
Does 16 divide 45334?
False
Is 442 a multiple of 2?
True
Is 4218 a multiple of 6?
True
Is 73 a factor of 511?
True
Is 6055 a multiple of 36?
False
Does 42 divide 9657?
False
Is 8783 a multiple of 48?
False
Does 183 divide 4392?
True
Does 67 divide 31557?
True
Is 237 a multiple of 7?
False
Does 14 divide 10514?
True
Does 31 divide 57321?
False
Is 14367 a multiple of 42?
False
Does 20 divide 1316?
False
Is 5 a factor of 14985?
True
Is 111 even?
False
Is 14 a factor of 882?
True
Does 15 divide 540?
True
Is 57 a factor of 114?
True
Is 90 a factor of 2538?
False
Does 108 divide 72036?
True
Is 29 a factor of 86043?
True
Is 137 a factor of 14081?
False
Is 42 a multiple of 7?
True
Is 25 a factor of 1350?
True
Does 63 divide 1149?
False
Is 900 a multiple of 30?
True
Is 3262 a multiple of 12?
False
Does 29 divide 3814?
False
Is 29 a factor of 3480?
True
Is 818 a multiple of 3?
False
Is 11 a factor of 1837?
True
Is 2000 a multiple of 80?
True
Is 12 a factor of 516?
True
Is 576 a multiple of 192?
True
Is 6 a factor of 795?
False
Is 3 a factor of 36?
True
Is 13 a factor of 6248?
False
Is 805 a multiple of 24?
False
Is 91 a factor of 13612?
False
Is 196 a multiple of 7?
True
Is 731 a multiple of 17?
True
Is 12729 a multiple of 18?
False
Is 13629 a multiple of 177?
True
Is 26608 a multiple of 17?
False
Does 3 divide 4456?
False
Does 17 divide 43286?
False
Is 21 a factor of 1470?
True
Does 3 divide 6796?
False
Is 8 a factor of 12110?
False
Is 6 a factor of 22860?
True
Does 3 divide 65?
False
Is 15 a factor of 855?
True
Is 104 a factor of 832?
True
Does 133 divide 66766?
True
Does 37 divide 29526?
True
Does 11 divide 732?
False
Does 8 divide 560?
True
Does 103 divide 85181?
True
Is 80454 a multiple of 66?
True
Does 16 divide 5776?
True
Is 25 a multiple of 25?
True
Is 15175 a multiple of 5?
True
Does 3 divide 1322?
False
Does 109 divide 18203?
True
Does 8 divide 350?
False
Does 143 divide 429?
True
Is 15691 a multiple of 14?
False
Is 25 a factor of 591?
False
Is 586 a multiple of 39?
False
Is 37 a factor of 5328?
True
Does 38 divide 684?
True
Does 2 divide 6607?
False
Does 12 divide 783?
False
Is 45 a factor of 9000?
True
Is 1414 a multiple of 86?
False
Is 1834 even?
True
Does 34 divide 1140?
False
Does 25 divide 701?
False
Does 19 divide 2704?
False
Is 51 a factor of 1838?
False
Does 46 divide 4002?
True
Is 6308 a multiple of 32?
False
Is 2940 a multiple of 7?
True
Is 7 a factor of 19236?
True
Is 12 a factor of 696?
True
Is 7293 a multiple of 17?
True
Does 105 divide 10500?
True
Does 7 divide 785?
False
Does 109 divide 48504?
False
Is 49 a factor of 3040?
False
Does 7 divide 168?
True
Does 9 divide 45?
True
Is 964 a multiple of 4?
True
Is 40 a factor of 21840?
True
Is 2180 a multiple of 16?
False
Is 51 a factor of 4029?
True
Is 1859 a multiple of 11?
True
Does 13 divide 44408?
True
Is 4648 a multiple of 68?
False
Does 5 divide 16345?
True
Is 3383 a multiple of 29?
False
Does 3 divide 414?
True
Does 5 divide 945?
True
Does 31 divide 1240?
True
Is 3 a factor of 1050?
True
Does 33 divide 148?
False
Is 20591 a multiple of 59?
True
Is 5933 a multiple of 94?
False
Is 945 even?
False
Does 9 divide 477?
True
Is 5 a factor of 245?
True
Is 28 a multiple of 2?
True
Is 25 a factor of 10975?
True
Is 1680 a multiple of 16?
True
Is 18 a factor of 3547?
False
Is 2115 a multiple of 74?
False
Is 6192 a multiple of 36?
True
Is 108 a multiple of 18?
True
Does 31 divide 217?
True
Is 22324 a multiple of 87?
False
Is 7503 a multiple of 41?
True
Is 3 a factor of 4256?
False
Is 6078 a multiple of 17?
False
Does 22 divide 10714?
True
Is 13 a factor of 1261?
True
Is 1260 a multiple of 34?
False
Is 102 even?
True
Is 2 a factor of 711?
False
Is 3 a factor of 3610?
False
Does 13 divide 273?
True
Is 730 a multiple of 73?
True
Is 94 a factor of 1692?
True
Is 9230 a multiple of 11?
False
Is 1771 a multiple of 23?
T